{"id":184,"date":"2023-07-07T10:08:56","date_gmt":"2023-07-07T10:08:56","guid":{"rendered":"http:\/\/www.kurka-bajdurka.pl\/?page_id=184"},"modified":"2023-07-07T10:13:34","modified_gmt":"2023-07-07T10:13:34","slug":"o-nas","status":"publish","type":"page","link":"http:\/\/www.kurka-bajdurka.pl\/index.php\/o-nas\/","title":{"rendered":"O mnie"},"content":{"rendered":"\n<p>Jestem mam\u0105 i&nbsp;dobrze wiem, jak wa\u017cn\u0105 rol\u0119 w \u017cyciu dziecka odgrywa&nbsp;<strong>ksi\u0105\u017cka i g\u0142o\u015bne &#8211; aktywne czytanie<\/strong>. Mam r\u00f3wnie\u017c \u015bwiadomo\u015b\u0107 tego, \u017ce ka\u017cda tw\u00f3rcza forma sp\u0119dzania czasu z dzieckiem jest bezcenna. Dlatego te\u017c wszystko, co robi\u0119 w ramach projektu Kurka Bajdurka kr\u0119ci si\u0119 wok\u00f3\u0142 r\u00f3\u017cnych form&nbsp;<strong>zaanga\u017cowania dzieci i ich rodzic\u00f3w<\/strong>.<\/p>\n\n\n\n<p>Moim celem i marzeniem jest rozbudzanie dzieci\u0119cej&nbsp;<strong>wyobra\u017ani<\/strong>&nbsp;oraz zach\u0119canie, do jak najcz\u0119stszego&nbsp;<strong>si\u0119gania po ksi\u0105\u017cki<\/strong>. Bo to one przecie\u017c w du\u017cej mierze&nbsp;<strong>kszta\u0142tuj\u0105 cz\u0142owieka<\/strong>.<\/p>\n\n\n\n<p>Z do\u015bwiadczenia wiem, \u017ce wsp\u00f3lne&nbsp;<strong>czytanie na g\u0142os<\/strong>&nbsp;to&nbsp;znakomity pretekst do tego, by&nbsp;mi\u0142o i dobrze sp\u0119dzi\u0107 z dzie\u0107mi czas. To&nbsp;blisko\u015b\u0107 i chwile niczym niezm\u0105conej rado\u015bci, kt\u00f3rych nikt Wam nie odbierze. Czytaj\u0105c dzieciom na g\u0142os rozwijamy ich j\u0119zyk, wra\u017cliwo\u015b\u0107 i inteligencj\u0119. Uczymy w ten spos\u00f3b systemu warto\u015bci i rozwijamy wyobra\u017ani\u0119.&nbsp;Pami\u0119tajcie o tym, gdy wsp\u00f3lnie siadacie do ksi\u0105\u017cki z Waszym dzieckiem.&nbsp;<\/p>\n\n\n\n<div class=\"wp-block-media-text alignwide is-stacked-on-mobile\"><figure class=\"wp-block-media-text__media\"><img loading=\"lazy\" decoding=\"async\" width=\"1024\" height=\"1024\" src=\"http:\/\/www.kurka-bajdurka.pl\/wp-content\/uploads\/2023\/07\/SNOW_20220809_112739_565_male-1024x1024.jpg\" alt=\"\" class=\"wp-image-149 size-full\" srcset=\"http:\/\/www.kurka-bajdurka.pl\/wp-content\/uploads\/2023\/07\/SNOW_20220809_112739_565_male-1024x1024.jpg 1024w, http:\/\/www.kurka-bajdurka.pl\/wp-content\/uploads\/2023\/07\/SNOW_20220809_112739_565_male-300x300.jpg 300w, http:\/\/www.kurka-bajdurka.pl\/wp-content\/uploads\/2023\/07\/SNOW_20220809_112739_565_male-150x150.jpg 150w, http:\/\/www.kurka-bajdurka.pl\/wp-content\/uploads\/2023\/07\/SNOW_20220809_112739_565_male-768x768.jpg 768w, http:\/\/www.kurka-bajdurka.pl\/wp-content\/uploads\/2023\/07\/SNOW_20220809_112739_565_male.jpg 1389w\" sizes=\"auto, (max-width: 1024px) 100vw, 1024px\" \/><\/figure><div class=\"wp-block-media-text__content\">\n<p><strong>Jak to si\u0119 zacz\u0119\u0142o?<\/strong><\/p>\n\n\n\n<p>Do pewnych decyzji trzeba dojrze\u0107. Najpierw dojrzewa\u0142a we mnie potrzeba stworzenia ksi\u0105\u017cki b\u0119d\u0105cej sum\u0105 moich do\u015bwiadcze\u0144 i marze\u0144 literackich. Potem dojrzewa\u0142a decyzja o samodzielnym jej wydaniu. Tak powsta\u0142a Kurka Bajdurka.<\/p>\n\n\n\n<p><strong>Moja ksi\u0105\u017cka<\/strong><\/p>\n\n\n\n<p><strong><a rel=\"noreferrer noopener\" href=\"https:\/\/wydawnictwo-kokino.pl\/kurka-bajdurka-snieg-sanki-i-dinozaury\" target=\"_blank\">\u201eKurka Bajdurka \u2013 \u015anieg, sanki i\u2026 dinozaury\u201d<\/a><\/strong>&nbsp;to m\u00f3j debiut literacki. Mam nadziej\u0119, \u017ce przygody szalonej Bajdurki i jej wiernego przyjaciela Myszatego na tyle si\u0119 Wam spodobaj\u0105, \u017ce b\u0119dziecie chcieli wr\u00f3ci\u0107 po wi\u0119cej. Je\u015bli tak b\u0119dzie, spodziewajcie si\u0119 kolejnych cz\u0119\u015bci przyg\u00f3d Bajdurki.<\/p>\n<\/div><\/div>\n\n\n\n<p><\/p>\n\n\n\n<p><strong>Moja gra<\/strong><\/p>\n\n\n\n<p><strong>&nbsp;&#8222;Kurka Bajdurka &#8211; memo&#8221;<\/strong>&nbsp;to gra dla ca\u0142ej rodziny i idealny pomys\u0142 na wsp\u00f3lne sp\u0119dzenie czasu z dzie\u0107mi. Razem z ni\u0105 mo\u017cecie \u0107wiczy\u0107 pami\u0119\u0107, ma\u0142\u0105 motoryk\u0119, logiczne my\u015blenie, koncentracj\u0119 i spostrzegawczo\u015b\u0107.<\/p>\n\n\n\n<p><strong>Bawcie si\u0119 z Kurk\u0105 Bajdurk\u0105 na 3 r\u00f3\u017cne sposoby!<\/strong><\/p>\n\n\n\n<p><strong>Odszukajcie pary<\/strong>&nbsp;&#8211; klasyka memory :).&nbsp;<\/p>\n\n\n\n<p><strong>Znajd\u017acie r\u00f3\u017cnic\u0119<\/strong>&nbsp;&#8211; w\u015br\u00f3d par s\u0105 ukryte r\u00f3\u017cnice (po jednym szczeg\u00f3le na par\u0119). Zdo\u0142acie je odnale\u017a\u0107 :)?&nbsp;<\/p>\n\n\n\n<p><strong>U\u0142\u00f3\u017ccie historyjk\u0119<\/strong>&nbsp;&#8211; rozwijaj u dziecka&nbsp;umiej\u0119tno\u015b\u0107 opowiadania&nbsp;(relacje przyczyna &#8211; skutek oraz kolejno\u015b\u0107 wydarze\u0144).<\/p>\n\n\n\n<p>Wi\u0119cej o grze znajdziecie&nbsp;<a href=\"https:\/\/wydawnictwo-kokino.pl\/Kurka_Bajdurka_memo\" target=\"_blank\" rel=\"noreferrer noopener\"><strong>&gt;&gt;TUTAJ&lt;&lt;<\/strong><\/a>.<\/p>\n\n\n\n<p><strong>Zobacz recenzje ksi\u0105\u017cki:<\/strong><\/p>\n\n\n\n<p><strong><a href=\"https:\/\/detalistka.pl\/ksiazka-na-prezent-dla-kilkulatka-kurka-bajdurka-snieg-sanki-i-dinozaury-zuzanna-wisniowska\" target=\"_blank\" rel=\"noreferrer noopener\">Detalistka.pl<\/a><\/strong><\/p>\n\n\n\n<p><strong><a href=\"https:\/\/mojeczytadlo123.blogspot.com\/2021\/11\/kurka-bajdurka.html\" target=\"_blank\" rel=\"noreferrer noopener\">Moje Czytad\u0142o<\/a><\/strong><\/p>\n\n\n\n<p><strong><a href=\"https:\/\/wielokropki.pl\/recenzje\/zimowa-zabawna-historia-o-kurze-i-dinozaurach\/\" target=\"_blank\" rel=\"noreferrer noopener\">Wielokropki.pl<\/a><\/strong><\/p>\n\n\n\n<p><strong><a href=\"https:\/\/zfascynacjaoksiazkach.blogspot.com\/2021\/12\/kurka-bajdurka-snieg-sanki-i-dinozaury.html\" target=\"_blank\" rel=\"noreferrer noopener\">Z fascynacj\u0105 o ksi\u0105\u017ckach<\/a><\/strong><\/p>\n\n\n\n<p><strong><a href=\"https:\/\/mamaizabawa.blogspot.com\/2022\/01\/kurka-bajdurka-snieg-sanki-i-dinozaury.html\" target=\"_blank\" rel=\"noreferrer noopener\">Mama i zabawa<\/a><\/strong><\/p>\n","protected":false},"excerpt":{"rendered":"<p>Jestem mam\u0105 i&nbsp;dobrze wiem, jak wa\u017cn\u0105 rol\u0119 w \u017cyciu dziecka odgrywa&nbsp;ksi\u0105\u017cka i g\u0142o\u015bne &#8211; aktywne czytanie. Mam r\u00f3wnie\u017c \u015bwiadomo\u015b\u0107 tego, \u017ce ka\u017cda tw\u00f3rcza forma sp\u0119dzania czasu z dzieckiem jest bezcenna. Dlatego te\u017c wszystko, co robi\u0119 w ramach projektu Kurka Bajdurka kr\u0119ci si\u0119 wok\u00f3\u0142 r\u00f3\u017cnych form&nbsp;zaanga\u017cowania dzieci i ich rodzic\u00f3w. Moim celem i marzeniem jest rozbudzanie&hellip;&nbsp;<a href=\"http:\/\/www.kurka-bajdurka.pl\/index.php\/o-nas\/\" rel=\"bookmark\">Czytaj dalej &raquo;<span class=\"screen-reader-text\">O mnie<\/span><\/a><\/p>\n","protected":false},"author":1,"featured_media":166,"parent":0,"menu_order":0,"comment_status":"closed","ping_status":"closed","template":"","meta":{"neve_meta_sidebar":"","neve_meta_container":"","neve_meta_enable_content_width":"","neve_meta_content_width":0,"neve_meta_title_alignment":"","neve_meta_author_avatar":"","neve_post_elements_order":"","neve_meta_disable_header":"","neve_meta_disable_footer":"","neve_meta_disable_title":"","_themeisle_gutenberg_block_has_review":false,"footnotes":""},"class_list":["post-184","page","type-page","status-publish","has-post-thumbnail","hentry"],"_links":{"self":[{"href":"http:\/\/www.kurka-bajdurka.pl\/index.php\/wp-json\/wp\/v2\/pages\/184","targetHints":{"allow":["GET"]}}],"collection":[{"href":"http:\/\/www.kurka-bajdurka.pl\/index.php\/wp-json\/wp\/v2\/pages"}],"about":[{"href":"http:\/\/www.kurka-bajdurka.pl\/index.php\/wp-json\/wp\/v2\/types\/page"}],"author":[{"embeddable":true,"href":"http:\/\/www.kurka-bajdurka.pl\/index.php\/wp-json\/wp\/v2\/users\/1"}],"replies":[{"embeddable":true,"href":"http:\/\/www.kurka-bajdurka.pl\/index.php\/wp-json\/wp\/v2\/comments?post=184"}],"version-history":[{"count":5,"href":"http:\/\/www.kurka-bajdurka.pl\/index.php\/wp-json\/wp\/v2\/pages\/184\/revisions"}],"predecessor-version":[{"id":191,"href":"http:\/\/www.kurka-bajdurka.pl\/index.php\/wp-json\/wp\/v2\/pages\/184\/revisions\/191"}],"wp:featuredmedia":[{"embeddable":true,"href":"http:\/\/www.kurka-bajdurka.pl\/index.php\/wp-json\/wp\/v2\/media\/166"}],"wp:attachment":[{"href":"http:\/\/www.kurka-bajdurka.pl\/index.php\/wp-json\/wp\/v2\/media?parent=184"}],"curies":[{"name":"wp","href":"https:\/\/api.w.org\/{rel}","templated":true}]}}